{"id":46,"date":"2019-12-06T19:52:59","date_gmt":"2019-12-06T15:22:59","guid":{"rendered":"http:\/\/186.121.203.94\/?page_id=46"},"modified":"2020-01-16T01:46:08","modified_gmt":"2020-01-15T21:16:08","slug":"acercadelaeispdm","status":"publish","type":"page","link":"http:\/\/www.industrialmurillo.edu.bo\/?page_id=46","title":{"rendered":"Acerca de la E.I.S.\u00bbP.D.M.\u00bb"},"content":{"rendered":"\n<h5 class=\"has-text-color wp-block-heading\" style=\"color:#1a1188\">BREVE RESE\u00d1A HIST\u00d3RICA<\/h5>\n\n\n\n<p style=\"color:#1a1188\" class=\"has-text-color\">La E.I.S. \u00abP.D.M.\u00bb fundada en el gobierno del Gral. Enrique Pe\u00f1aranda con R.S. N\u00ba 1019 del 10 de febrero de 1942 como \u00abEscuela Nacional de Artes y Oficios\u00bb en fecha 4 de agosto de 1942, inicia actividades acad\u00e9micas en forma oficial.<\/p>\n\n\n\n<p style=\"color:#1a1188\" class=\"has-text-color\">En fecha 27 de agosto de 1969 con R.S. 150876 se asimila a instituto de ense\u00f1anza superior. Fue condecorada con el C\u00f3ndor de los Andes \u00abGrado Oficial\u00bb bajo R.S. 211445 del 7 de octubre de 1992.<\/p>\n\n\n\n<h5 class=\"has-text-color wp-block-heading\" style=\"color:#1a1188\">NUESTRA MISI\u00d3N<\/h5>\n\n\n\n<p style=\"color:#1a1188\" class=\"has-text-color\">La Escuela Industrial Superior \u00abPedro Domingo Murillo\u00bb es una instituci\u00f3n comprometida en la formaci\u00f3n profesional de recursos humanos de nivel t\u00e9cnico superior altamente competitivos tecnol\u00f3gica y cient\u00edficamente; basados en principios axiol\u00f3gicos, equidad de g\u00e9nero e interculturalidad, para contribuir al desarrollo local, regional y nacional.<\/p>\n\n\n\n<h5 class=\"has-text-color wp-block-heading\" style=\"color:#1a1188\">NUESTRA VISI\u00d3N<\/h5>\n\n\n\n<p style=\"color:#1a1188\" class=\"has-text-color\">Ser una instituci\u00f3n tecnol\u00f3gica modelo en formaci\u00f3n Profesional superior acreditada, sostenible, en constante transformaci\u00f3n y expansi\u00f3n, insertada en pol\u00edticas ambientalistas, de g\u00e9nero, valores \u00e9ticos interculturalidad para mejorar la calidad de vida.<\/p>\n","protected":false},"excerpt":{"rendered":"<div class=\"mh-excerpt\"><p>BREVE RESE\u00d1A HIST\u00d3RICA La E.I.S. \u00abP.D.M.\u00bb fundada en el gobierno del Gral. Enrique Pe\u00f1aranda con R.S. N\u00ba 1019 del 10 de febrero de 1942 como <a class=\"mh-excerpt-more\" href=\"http:\/\/www.industrialmurillo.edu.bo\/?page_id=46\" title=\"Acerca de la E.I.S.\u00bbP.D.M.\u00bb\">[Leer mas..]<\/a><\/p>\n<\/div>","protected":false},"author":1,"featured_media":0,"parent":20,"menu_order":1,"comment_status":"closed","ping_status":"closed","template":"","meta":{"footnotes":""},"class_list":["post-46","page","type-page","status-publish","hentry"],"_links":{"self":[{"href":"http:\/\/www.industrialmurillo.edu.bo\/index.php?rest_route=\/wp\/v2\/pages\/46","targetHints":{"allow":["GET"]}}],"collection":[{"href":"http:\/\/www.industrialmurillo.edu.bo\/index.php?rest_route=\/wp\/v2\/pages"}],"about":[{"href":"http:\/\/www.industrialmurillo.edu.bo\/index.php?rest_route=\/wp\/v2\/types\/page"}],"author":[{"embeddable":true,"href":"http:\/\/www.industrialmurillo.edu.bo\/index.php?rest_route=\/wp\/v2\/users\/1"}],"replies":[{"embeddable":true,"href":"http:\/\/www.industrialmurillo.edu.bo\/index.php?rest_route=%2Fwp%2Fv2%2Fcomments&post=46"}],"version-history":[{"count":3,"href":"http:\/\/www.industrialmurillo.edu.bo\/index.php?rest_route=\/wp\/v2\/pages\/46\/revisions"}],"predecessor-version":[{"id":132,"href":"http:\/\/www.industrialmurillo.edu.bo\/index.php?rest_route=\/wp\/v2\/pages\/46\/revisions\/132"}],"up":[{"embeddable":true,"href":"http:\/\/www.industrialmurillo.edu.bo\/index.php?rest_route=\/wp\/v2\/pages\/20"}],"wp:attachment":[{"href":"http:\/\/www.industrialmurillo.edu.bo\/index.php?rest_route=%2Fwp%2Fv2%2Fmedia&parent=46"}],"curies":[{"name":"wp","href":"https:\/\/api.w.org\/{rel}","templated":true}]}}