{"id":129,"date":"2020-01-16T01:38:47","date_gmt":"2020-01-15T21:08:47","guid":{"rendered":"http:\/\/186.121.203.94\/?page_id=129"},"modified":"2024-01-26T21:58:20","modified_gmt":"2024-01-26T17:28:20","slug":"metalurgia-siderurgia-y-fundicion","status":"publish","type":"page","link":"http:\/\/www.industrialmurillo.edu.bo\/?page_id=129","title":{"rendered":"Metalurgia, Siderurgia y Fundici\u00f3n"},"content":{"rendered":"<div class=\"wp-block-image\">\n<figure class=\"alignleft size-large is-resized\"><img loading=\"lazy\" decoding=\"async\" width=\"1024\" height=\"1024\" src=\"http:\/\/186.121.203.94\/wp-content\/uploads\/2020\/01\/metalurgiaf-1024x1024.jpg\" alt=\"\" class=\"wp-image-108\" style=\"width:272px;height:272px\" srcset=\"http:\/\/www.industrialmurillo.edu.bo\/wp-content\/uploads\/2020\/01\/metalurgiaf-1024x1024.jpg 1024w, http:\/\/www.industrialmurillo.edu.bo\/wp-content\/uploads\/2020\/01\/metalurgiaf-300x300.jpg 300w, http:\/\/www.industrialmurillo.edu.bo\/wp-content\/uploads\/2020\/01\/metalurgiaf-150x150.jpg 150w, http:\/\/www.industrialmurillo.edu.bo\/wp-content\/uploads\/2020\/01\/metalurgiaf-768x768.jpg 768w, http:\/\/www.industrialmurillo.edu.bo\/wp-content\/uploads\/2020\/01\/metalurgiaf.jpg 1467w\" sizes=\"auto, (max-width: 1024px) 100vw, 1024px\" \/><\/figure>\n<\/div>\n\n\n<p class=\"has-text-color\" style=\"color:#1a1188\">La carrera de metalurgia, siderurgia y fundici\u00f3n fue creada en el a\u00f1o 1942, junto con E.I.S.\u00bbP.D.M.\u00bb y constituye en la actualidad una de las carreras con mas futuro, debido a que nuestro pa\u00eds por sus recursos naturales, contin\u00faa siendo productor principal de minerales.<\/p>\n\n\n\n<p class=\"has-text-color\" style=\"color:#1a1188\">El profesional en Metalurgia, Fundici\u00f3n y Siderurgia, utiliza t\u00e9cnicas y m\u00e9todos de concentraci\u00f3n, extracci\u00f3n de materiales a partir de minerales utilizando la pirometalurgia, hidrometalurgia y electrometalurgia, refinaci\u00f3n y preparaci\u00f3n de los metales.<\/p>\n\n\n\n<p class=\"has-text-color\" style=\"color:#1a1188\"><strong>Nivel de Estudio:<\/strong>  T\u00e9cnico Superior <\/p>\n\n\n\n<h5 class=\"wp-block-heading has-text-color\" style=\"color:#1a1188\">Pensum de la carrera:<\/h5>\n\n\n\n<figure class=\"wp-block-table is-style-stripes\"><table><tbody><tr><td><strong>SEMESTRE<\/strong><\/td><td><strong>CODIGO<\/strong><\/td><td><strong>MATRIA<\/strong><\/td><\/tr><tr><td>PRIMERO<\/td><td>SOM-100<\/td><td>SEGURIDAD OCUPACIONAL Y MEDIO AMBIENTE<\/td><\/tr><tr><td><\/td><td>MAA-100<\/td><td>MATEM\u00c1TICA APLICADA<\/td><\/tr><tr><td><\/td><td>QMA-100<\/td><td>QU\u00cdMICA APLICADA<\/td><\/tr><tr><td><\/td><td>FIA-100<\/td><td>F\u00cdSICA APLICADA<\/td><\/tr><tr><td><\/td><td>DIN-100<\/td><td>DIBUJO INDUSTRIAL<\/td><\/tr><tr><td><\/td><td>FNF-100<\/td><td>FUNDICI\u00d3N NO FERROSA I<\/td><\/tr><tr><td>SEGUNDO<\/td><td>INT-200<\/td><td>INGL\u00c9S T\u00c9CNICO<\/td><\/tr><tr><td><\/td><td>QAA-200<\/td><td>QU\u00cdMICA ANALITICA APLICADA<\/td><\/tr><tr><td><\/td><td>SOL-200<\/td><td>SOLDADURA I<\/td><\/tr><tr><td><\/td><td>MOD-200<\/td><td>MODELERIA I<\/td><\/tr><tr><td><\/td><td>SAP-200<\/td><td>SOFTWARE APLICADO<\/td><\/tr><tr><td><\/td><td>FNF-200<\/td><td>FUNDICI\u00d3N NO FERROSA II<\/td><\/tr><tr><td>TERCERO<\/td><td>MEF-300<\/td><td>METALURGIA F\u00cdSICA<\/td><\/tr><tr><td><\/td><td>ELC-300<\/td><td>ELECTROTECNIA APLICADA<\/td><\/tr><tr><td><\/td><td>SOL-300<\/td><td>SOLDADURA II<\/td><\/tr><tr><td><\/td><td>MOD-300<\/td><td>MODELERIA II<\/td><\/tr><tr><td><\/td><td>HMT-300<\/td><td>HORNOS METAL\u00daRGICOS<\/td><\/tr><tr><td><\/td><td>FFS-300<\/td><td>FUNDICI\u00d3N FERROSA Y SIDERURGIA<\/td><\/tr><tr><td>CUARTO<\/td><td>CDC-400<\/td><td>CONTROL DE CALIDAD<\/td><\/tr><tr><td><\/td><td>MYH-400<\/td><td>M\u00c1QUINAS Y HERRAMIENTAS<\/td><\/tr><tr><td><\/td><td>TMT-400<\/td><td>TERMODIN\u00c1MICA METAL\u00daRGICA<\/td><\/tr><tr><td><\/td><td>MOD-400<\/td><td>MODELERIA III<\/td><\/tr><tr><td><\/td><td>FUA-400<\/td><td>FUNDICI\u00d3N ARTISTICA<\/td><\/tr><tr><td><\/td><td>CIM-400<\/td><td>CIENCIA DE LOS MATERIALES<\/td><\/tr><tr><td><\/td><td>EMP-400<\/td><td>EMPRENDIMIENTO PRODUCTIVO<\/td><\/tr><tr><td>QUINTO<\/td><td>CDM-500<\/td><td>CONCENTRACI\u00d3N DE MINERALES I<\/td><\/tr><tr><td><\/td><td>HID-500<\/td><td>HIDROMETALURG\u00cdA<\/td><\/tr><tr><td><\/td><td>TTR-500<\/td><td>TRATAMIENTOS T\u00c9RMICOS<\/td><\/tr><tr><td><\/td><td>MMM-500<\/td><td>MINERALES MET\u00c1LICOS Y NO MET\u00c1LICOS<\/td><\/tr><tr><td><\/td><td>TMG-500<\/td><td>TALLER DE MODALIDAD DE GRADUACI\u00d3N I<\/td><\/tr><tr><td>SEXTO<\/td><td>CDM-600<\/td><td>CONCENTRACI\u00d3N DE MINERALES II<\/td><\/tr><tr><td><\/td><td>PIR-600<\/td><td>PIROMETALURG\u00cdA<\/td><\/tr><tr><td><\/td><td>MMP-600<\/td><td>METALURG\u00cdA DE LOS METALES PRECIOSOS<\/td><\/tr><tr><td><\/td><td>ELM-600<\/td><td>ELECTROMETALURG\u00cdA<\/td><\/tr><tr><td><\/td><td>TMG-600<\/td><td>TALLER DE MODALIDAD DE GRADUACI\u00d3N II<\/td><\/tr><\/tbody><\/table><\/figure>\n","protected":false},"excerpt":{"rendered":"<div class=\"mh-excerpt\"><p>La carrera de metalurgia, siderurgia y fundici\u00f3n fue creada en el a\u00f1o 1942, junto con E.I.S.\u00bbP.D.M.\u00bb y constituye en la actualidad una de las carreras <a class=\"mh-excerpt-more\" href=\"http:\/\/www.industrialmurillo.edu.bo\/?page_id=129\" title=\"Metalurgia, Siderurgia y Fundici\u00f3n\">[Leer mas..]<\/a><\/p>\n<\/div>","protected":false},"author":1,"featured_media":0,"parent":0,"menu_order":0,"comment_status":"closed","ping_status":"closed","template":"","meta":{"footnotes":""},"class_list":["post-129","page","type-page","status-publish","hentry"],"_links":{"self":[{"href":"http:\/\/www.industrialmurillo.edu.bo\/index.php?rest_route=\/wp\/v2\/pages\/129","targetHints":{"allow":["GET"]}}],"collection":[{"href":"http:\/\/www.industrialmurillo.edu.bo\/index.php?rest_route=\/wp\/v2\/pages"}],"about":[{"href":"http:\/\/www.industrialmurillo.edu.bo\/index.php?rest_route=\/wp\/v2\/types\/page"}],"author":[{"embeddable":true,"href":"http:\/\/www.industrialmurillo.edu.bo\/index.php?rest_route=\/wp\/v2\/users\/1"}],"replies":[{"embeddable":true,"href":"http:\/\/www.industrialmurillo.edu.bo\/index.php?rest_route=%2Fwp%2Fv2%2Fcomments&post=129"}],"version-history":[{"count":2,"href":"http:\/\/www.industrialmurillo.edu.bo\/index.php?rest_route=\/wp\/v2\/pages\/129\/revisions"}],"predecessor-version":[{"id":728,"href":"http:\/\/www.industrialmurillo.edu.bo\/index.php?rest_route=\/wp\/v2\/pages\/129\/revisions\/728"}],"wp:attachment":[{"href":"http:\/\/www.industrialmurillo.edu.bo\/index.php?rest_route=%2Fwp%2Fv2%2Fmedia&parent=129"}],"curies":[{"name":"wp","href":"https:\/\/api.w.org\/{rel}","templated":true}]}}